56. What is c(105)?
-21
Let b(g) = -4*g**3 - 164*g**2 + 105*g + 4306. Calculate b(-41).
1
Let m(p) = -14*p**2 - 237*p - 975. Give m(-8).
25
Let n(j) = -46*j - 130. Give n(-12).
422
Let v(i) = 3*i**3 - 20*i**2 - 30. Determine v(6).
-102
Let s(y) = -y**2 + 2483*y + 19929. What is s(-8)?
1
Let f(j) = 13680*j + 150487. Give f(-11).
7
Let p(n) = -111*n + 5002. What is p(45)?
7
Let x(h) = h**2 + 55*h - 385. Determine x(-64).
191
Let b(r) = r - 107. Calculate b(0).
-107
Let o(d) = -6*d + 21. Give o(-17).
123
Let j(o) = -32*o**2 + 3*o - 2. Determine j(2).
-124
Let x(l) = -9*l - 5. Give x(0).
-5
Let f(d) = d**3 + 39*d**2 + 9*d + 308. Give f(-39).
-43
Let m(u) = -38*u**2 + 40*u + 23. Give m(1).
25
Let p(q) = 6*q**2 + 47*q - 4. Calculate p(-9).
59
Let u(g) = -23*g**2 - 1284*g + 100. What is u(-56)?
-124
Let g(c) = c**2 + 105*c + 957. What is g(-10)?
7
Let n(i) = -9*i**3 - 110*i**2 - 4*i + 231. What is n(-12)?
-9
Let h(p) = -3*p + 260. Give h(15).
215
Let q(h) = -8536*h + 1. Determine q(0).
1
Let k(r) = -15*r**2 + 282*r - 3. Calculate k(18).
213
Let v(s) = s**3 + 11*s**2 - 22*s - 116. Determine v(-12).
4
Let t(s) = -20*s + 834. Calculate t(43).
-26
Let a(m) = -2*m**2 - 12*m + 20. Calculate a(0).
20
Let q(t) = 27*t + 66. Give q(-4).
-42
Let n(m) = 11*m**2 + 8*m + 7. Calculate n(-1).
10
Let w(j) = 15*j + 639. Give w(-43).
-6
Let k(w) = 6*w**3 - 5*w**2 + 16*w + 128. Calculate k(-4).
-400
Let r(g) = -g**3 + 25*g**2 - 138*g. Calculate r(8).
-16
Let j(n) = -238*n + 9. Give j(0).
9
Let o(i) = 5*i + 16. Calculate o(2).
26
Let m(h) = 2769*h + 58158. Determine m(-21).
9
Let o(i) = 20*i + 241. Determine o(-12).
1
Let r(w) = w**3 - 11*w**2 + 2*w + 11. Give r(8).
-165
Let r(p) = 5*p**2 - 80*p + 308. Determine r(10).
8
Let b(h) = -119*h + 2611. What is b(22)?
-7
Let n(f) = -3*f**2 - 2*f - 46. Give n(7).
-207
Let o(s) = -6*s**2 - 3*s - 21. Determine o(-3).
-66
Let b(g) = -102*g + 4293. Calculate b(42).
9
Let f(n) = -n**3 + 8*n**2 + 479*n - 3416. Determine f(7).
-14
Let c(i) = -346*i - 1384. What is c(-4)?
0
Let a(g) = -1890*g + 56690. Calculate a(30).
-10
Let w(m) = -5*m**2 + 10*m + 11. Determine w(6).
-109
Let m(t) = t**3 - 8*t**2 + 134*t - 384. Determine m(3).
-27
Let b(g) = 2*g**2 - 16*g - 72. Give b(-4).
24
Let u(x) = -15*x**3 - 33*x**2 - 12*x - 19. Calculate u(-2).
-7
Let j(s) = 6*s**2 + 6*s - 41. What is j(3)?
31
Let p(k) = -k**3 + 53*k**2 - 241*k + 52. What is p(48)?
4
Let h(u) = u**2 + 12*u + 26. Determine h(-3).
-1
Let y(k) = -2*k**2 + 62*k + 632. Give y(39).
8
Let c(g) = 230*g + 905. What is c(-4)?
-15
Let i(g) = 4*g**3 - 18*g**2 - 81*g + 77. What is i(7)?
0
Let d(j) = -158*j - 319. What is d(-2)?
-3
Let s(f) = -8*f + 34. What is s(13)?
-70
Let r(z) = z**3 + 31*z**2 - 35*z + 19. What is r(-32)?
115
Let h(o) = o**3 + 11*o**2 + 15*o - 16. Determine h(-7).
75
Let u(s) = -s**2 - 40*s + 83. What is u(-42)?
-1
Let v(t) = -t**2 + 1682*t - 6730. Calculate v(4).
-18
Let i(p) = p**2 + 101*p - 8157. Determine i(53).
5
Let s(b) = 279*b - 1397. Give s(5).
-2
Let w(y) = -2*y**3 - 25*y**2 - 70*y - 56. Determine w(-9).
7
Let m(a) = 7*a - 83. Give m(20).
57
Let r(m) = -29*m**3 - 7*m**2 - 11*m - 5. What is r(-2)?
221
Let z(t) = t**2 - 16*t + 13. What is z(8)?
-51
Let q(k) = -138*k + 8062. Give q(58).
58
Let v(o) = 631*o + 58053. Give v(-92).
1
Let y(a) = a**3 + 23*a**2 - 26*a - 1. Determine y(-24).
47
Let v(f) = 2*f**3 - 183*f**2 + 37*f + 4909. Determine v(91).
-5
Let a(f) = 8*f**3 + 4*f**2 - 12*f + 9. Give a(1).
9
Let f(h) = -h**2 + 935*h + 128950. Determine f(-122).
-4
Let x(a) = 2*a**3 + 8*a**2 - 136*a - 655. Calculate x(-6).
17
Let l(x) = -12*x**3 - 2*x**2 - 4*x - 4. What is l(-1)?
10
Let y(a) = a**3 - 16*a**2 - 26*a - 594. What is y(19)?
-5
Let i(c) = 4*c**3 + 110*c**2 - 63*c - 164. Determine i(-28).
32
Let r(y) = 5*y**3 - 7*y**2 + 21*y - 81. Give r(4).
211
Let f(t) = 91*t - 1336. Determine f(9).
-517
Let t(u) = -u**2 - 66*u + 2543. Determine t(27).
32
Let z(g) = 671*g + 6707. Give z(-10).
-3
Let j(p) = 4*p**2 + 10*p - 49. Determine j(4).
55
Let d(b) = -7*b**2 - 4*b - 30. Calculate d(7).
-401
Let f(o) = o**3 + 7*o**2 - 14*o + 44. What is f(-7)?
142
Let p(q) = -3*q**2 - 167*q - 1775. Determine p(-14).
-25
Let v(f) = f**2 + 22*f + 77. What is v(-19)?
20
Let j(t) = t**2 + 78*t - 5420. Give j(44).
-52
Let s(a) = 2*a**3 - 39*a**2 - 62*a - 22. What is s(21)?
-1
Let i(u) = 2*u**3 - 20*u**2 + 37*u - 134. Give i(10).
236
Let j(b) = -2*b**3 - 15*b**2 + 34*b + 390. Give j(-8).
182
Let w(u) = -5*u**3 - 484*u**2 - 1323*u - 661. Determine w(-94).
-3
Let h(v) = -3*v**2 + 199*v + 7823. Determine h(94).
21
Let a(i) = 2*i**3 - 24*i**2 - 63*i + 29. Determine a(14).
-69
Let g(k) = k**3 - 57*k**2 - 55*k - 277. Give g(58).
-103
Let n(c) = c**2 + 5*c - 95. Calculate n(-10).
-45
Let n(x) = -x**2 - 100*x - 385. Calculate n(-96).
-1
Let m(k) = 2*k**3 - 11*k**2 + 25*k - 58. Give m(4).
-6
Let k(o) = 317*o - 1855. Determine k(6).
47
Let k(o) = -4*o**2 + 618*o - 9596. Give k(137).
-6
Let k(x) = -x**3 + 5*x**2 - 90*x + 353. Calculate k(4).
9
Let y(h) = 23*h + 1185. Calculate y(-53).
-34
Let v(h) = -460*h + 305. Determine v(1).
-155
Let t(v) = -4108*v**2 + 20539*v - 1. Calculate t(5).
-6
Let u(q) = q**3 + 37*q**2 + 117*q + 516. Calculate u(-34).
6
Let k(g) = 3*g**3 - 17*g**2 + 5*g + 28. Give k(7).
259
Let m(a) = -a**2 - 97*a - 2151. What is m(-40)?
129
Let q(f) = -14*f**3 + 2*f**2 - 6*f + 15. Give q(2).
-101
Let c(l) = 96*l - 5336. Calculate c(55).
-56
Let b(i) = -1465*i + 42480. Give b(29).
-5
Let o(b) = -4330*b + 142897. What is o(33)?
7
Let y(h) = 130*h**2 + 655*h + 21. What is y(-5)?
-4
Let t(p) = -p**3 - 11*p**2 + 67*p + 111. Give t(-15).
6
Let a(j) = j**2 - 194*j - 9363. What is a(-40)?
-3
Let j(p) = 2*p**3 + 19*p**2 - 6*p - 7. Determine j(-8).
233
Let j(v) = v**3 + 37*v**2 + 32*v - 170. Calculate j(-36).
-26
Let j(y) = -y**3 + 6*y**2 + 153*y - 75. Determine j(-10).
-5
Let k(s) = -s**2 - 104*s + 441. What is k(-109)?
-104
Let d(k) = -4*k**2 - 13*k + 105. Calculate d(4).
-11
Let r(g) = 8*g**2 + 707*g - 468. What is r(-89)?
-23
Let o(l) = 49*l - 451. Give o(9).
-10
Let t(m) = -18*m**2 + 76*m - 6. Give t(5).
-76
Let s(w) = 33*w - 1912. Determine s(58).
2
Let r(v) = -34*v - 610. What is r(-18)?
2
Let u(f) = 9*f**3 - 100*f**2 - 234*f - 10. What is u(-2)?
-14
Let p(d) = 2*d**2 + 40*d - 151. Give p(-23).
-13
Let z(m) = -m**3 + 2*m**2 + 19*m - 5. What is z(0)?
-5
Let v(q) = -15*q**2 + 5*q - 1. What is v(1)?
-11
Let d(v) = -3*v**3 - 27*v**2 - 92*v - 160. What is d(-5)?
0
Let v(w) = 3*w**2 + 46*w + 46. What is v(-22)?
486
Let o(s) = 21*s**3 + 239*s**2 + 93*s - 13. Determine o(-11).
-68
Let c(q) = -300*q - 303. Determine c(-1).
-3
Let m(s) = s**3 - 50*s**2 - 7*s + 354. Determine m(50).
4
Let l(v) = -v**3 - 32*v**2 + v - 36. Determine l(-32).
-68
Let o(t) = t**3 - 36*t**2 + 36*t - 17. Determine o(35).
18
Let k(i) = i**3 + 5*i**2 + 12*i + 97. Give k(-6).
-11
Let t(r) = -68*r**2 + 6*r + 7. Determine t(0).
7
Let t(m) = -2*m**2 + 330*m + 3869. What is t(-11)?
-3
Let f(d) = d**2 - 7*d + 53. Calculate f(7).
53
Let n(d) = -29*d**2 + 98*d - 190. Calculate n(2).
-110
Let k(t) = 19*t**2 - 143*t - 32. Give k(8).
40
Let c(b) = 2*b - 18. Determine c(-12).
-42
Let g(d) = d**2 + 68*d - 277. Give g(4).
11
Let h(g) = 112*g + 2059. Determine h(-21).
-293
Let s(p) = -83*p - 2156. What is s(-26)?
2
Let m(n) = -2*n**3 + 26*n**2 - 86*n + 24. Calculate m(7).
10
Let z(l) = -80*l + 2402. What is z(30)?
2
Let i(u) = 37*u + 710. Calculate i(-20).
-30
Let i(d) = 14*d**2 + 214*d + 31. Give i(-15).
-29
Let u(x) = x**2 - 173*x + 6833. What is u(111)?
-49
Let g(f) = f**3 - 63*f**2 - 455*f + 28666. What is g(63)?
1
Let n(z) = 10*z + 36. What is n(4)?
76
Let p(f) = -f**2 - 34*f - 219. Determine p(-25).
6
Let s(i) = -7*i**3 + 115*i**2 - 50*i + 34. Give s(16).
2
Let v(t) = 806*t + 8860. Determine v(-11).
-6
Let l(o) = o**3 + 113*o**2 + 3162*o + 12. Determine l(-51).
12
Let a(s) = s**3 + 27*s**2 + 18*s - 389. What is a(-26)?
-181
Let l(k) = 6*k + 133. What is l(-22)?
1
Let h(q) = 30*q - 24. Calculate h(-2).
-84
Let y(m) = -23*m + 21. Give y(4).
-71
Let y(b) = b**3 - 10*b**2 + 16*b + 5. Determine y(5).
-40
Let k(z) = 2*z**3 + 173*z**2 + 104*z + 1553. Give k(-86).
5
Let g(s) = 3*s**2 - 38*s + 150. Give g(7).
31
Let r(n) = -n**2 + 23*n + 38. Wh